s of 264873004.
2, 11, 577, 10433
What are the prime factors of 5745606179?
29, 1483, 133597
List the prime factors of 6147869078.
2, 13, 236456503
List the prime factors of 251974973.
109, 2311697
List the prime factors of 2124114208.
2, 66378569
List the prime factors of 191626249.
191626249
What are the prime factors of 292494996?
2, 3, 17, 159311
What are the prime factors of 2478330301?
2478330301
List the prime factors of 447223337.
11, 40656667
List the prime factors of 6875570.
2, 5, 13, 52889
List the prime factors of 3168986921.
3168986921
What are the prime factors of 1245610341?
3, 19, 251, 29021
List the prime factors of 502842471.
3, 97, 137, 12613
What are the prime factors of 1518193737?
3, 3853, 43781
List the prime factors of 5573232031.
5573232031
What are the prime factors of 31149892?
2, 19, 409867
What are the prime factors of 887648426?
2, 7, 37, 229, 1069
List the prime factors of 450495925.
5, 11, 1638167
What are the prime factors of 728819143?
13, 349, 160639
What are the prime factors of 40825081?
11, 3711371
List the prime factors of 3898845931.
25087, 155413
List the prime factors of 49598054.
2, 11, 2254457
What are the prime factors of 56758768?
2, 11, 31, 101, 103
What are the prime factors of 1826679058?
2, 59, 15480331
List the prime factors of 1465238191.
853, 1717747
List the prime factors of 1558940258.
2, 73, 10677673
What are the prime factors of 6026682983?
31267, 192749
What are the prime factors of 1151794928?
2, 313, 349, 659
List the prime factors of 2748749167.
71, 38714777
What are the prime factors of 555937666?
2, 379, 733427
What are the prime factors of 9104259?
3, 71, 42743
List the prime factors of 820929774.
2, 3, 7, 19545947
List the prime factors of 445476768.
2, 3, 11, 97, 4349
What are the prime factors of 391212567?
3, 43468063
List the prime factors of 681458232.
2, 3, 7, 13, 312023
What are the prime factors of 179232702?
2, 3, 11, 29, 8513
List the prime factors of 44057311.
61, 101, 7151
List the prime factors of 75297002.
2, 11, 1481, 2311
What are the prime factors of 266843685?
3, 5, 17789579
List the prime factors of 31380392.
2, 103, 38083
What are the prime factors of 9632075?
5, 79, 4877
What are the prime factors of 50897289?
3, 16965763
List the prime factors of 228112985.
5, 29, 1573193
List the prime factors of 4008026535.
3, 5, 19, 14063251
What are the prime factors of 315396690?
2, 3, 5, 7, 1501889
List the prime factors of 1079311742.
2, 17, 31744463
List the prime factors of 3667770284.
2, 916942571
List the prime factors of 1245469331.
1245469331
List the prime factors of 706124352.
2, 3, 3677731
What are the prime factors of 234290409?
3, 78096803
List the prime factors of 59767124.
2, 1571, 9511
List the prime factors of 1727665090.
2, 5, 2039, 84731
List the prime factors of 87907394.
2, 43, 1022179
List the prime factors of 47525746.
2, 23762873
What are the prime factors of 1684210763?
1684210763
List the prime factors of 525387894.
2, 3, 87564649
What are the prime factors of 4577615375?
5, 19, 61, 1663
What are the prime factors of 757167811?
17, 101, 440983
List the prime factors of 23176679.
859, 26981
What are the prime factors of 540935076?
2, 3, 11, 107, 38299
What are the prime factors of 3227865392?
2, 151, 1336037
What are the prime factors of 88966725?
3, 5, 1013, 1171
What are the prime factors of 483751452?
2, 3, 151, 266971
What are the prime factors of 134883158?
2, 67441579
What are the prime factors of 3819534849?
3, 13, 32645597
What are the prime factors of 1496528249?
41, 127, 167, 1721
List the prime factors of 15021915.
3, 5, 353, 2837
What are the prime factors of 2146713734?
2, 11, 97577897
List the prime factors of 30632625.
3, 5, 73, 373
List the prime factors of 540373312.
2, 479, 17627
List the prime factors of 5590792093.
37, 151102489
What are the prime factors of 152581396?
2, 11, 3467759
What are the prime factors of 406954801?
11, 23, 59, 137, 199
What are the prime factors of 47118304?
2, 1472447
What are the prime factors of 2305827922?
2, 14723, 78307
List the prime factors of 59635641.
3, 13, 1529119
What are the prime factors of 20461052?
2, 2099, 2437
List the prime factors of 41894547.
3, 31, 450479
List the prime factors of 268017635.
5, 2663, 20129
List the prime factors of 1036393949.
1036393949
What are the prime factors of 3021314800?
2, 5, 7, 17, 63473
What are the prime factors of 2720269321?
7, 11, 35328173
What are the prime factors of 15632986?
2, 53, 147481
List the prime factors of 87253117.
7, 12464731
List the prime factors of 179888634.
2, 3, 61, 97, 563
What are the prime factors of 43209934?
2, 21604967
What are the prime factors of 236687187?
3, 11, 37, 193847
What are the prime factors of 264463394?
2, 13, 19, 535351
What are the prime factors of 222128467?
11, 157, 128621
List the prime factors of 5277389.
13, 67, 73, 83
List the prime factors of 1073795200.
2, 5, 61, 5501
What are the prime factors of 1250072732?
2, 73, 433, 9887
List the prime factors of 2998747.
2998747
List the prime factors of 61137352.
2, 7642169
What are the prime factors of 481185426?
2, 3, 80197571
List the prime factors of 7655849.
23, 43, 7741
List the prime factors of 12892785.
3, 5, 347, 2477
List the prime factors of 258926434.
2, 13, 9958709
List the prime factors of 742006116.
2, 3, 521, 13187
What are the prime factors of 1099543103?
3907, 281429
List the prime factors of 702781455.
3, 5, 157, 457, 653
List the prime factors of 475687241.
475687241
List the prime factors of 901089582.
2, 3, 167, 899291
List the prime factors of 29513883.
3, 7, 349, 4027
List the prime factors of 1258540024.
2, 7, 1613, 13933
List the prime factors of 2941510200.
2, 3, 5, 151, 32467
What are the prime factors of 28072556?
2, 7018139
List the prime factors of 39079135.
5, 541, 14447
List the prime factors of 964586808.
2, 3, 13397039
List the prime factors of 811531889.
7, 115933127
What are the prime factors of 50204356?
2, 53, 236813
What are the prime factors of 192794238?
2, 3, 7, 13, 117701
List the prime factors of 592645621.
592645621
List the prime factors of 48803393.
31, 1063, 1481
List the prime factors of 51330834.
2, 3, 105619
List the prime factors of 620085489.
3, 17, 12158539
What are the prime factors of 503307284?
2, 125826821
List the prime factors of 2851540572.
2, 3, 47, 5055923
List the prime factors of 41288548.
2, 7, 1474591
What are the prime factors of 90654853?
977, 92789
List the prime factors of 418746471.
3, 11, 13, 149, 6551
List the prime factors of 74062585.
5, 71, 208627
List the prime factors of 1551265050.
2, 3, 5, 173, 59779
What are the prime factors of 4239099292?
2, 487, 2176129
List the prime factors of 358619135.
5, 7, 1289, 7949
What are the prime factors of 1980044103?
3, 509, 1296689
List the prime factors of 389948735.
5, 11, 37, 191621
What are the prime factors of 7367060?
2, 5, 19, 19387
What are the prime factors of 21838804?
2, 13, 109, 3853
What are the prime factors of 112041387?
3, 359, 3853
List the prime factors of 2408292201.
3, 7, 1109, 103409
List the prime factors of 69243442.
2, 617, 56113
List the prime factors of 150852252.
2, 3, 139, 90439
What are the prime factors of 255941049?
3, 7, 13, 877, 1069
List the prime factors of 751205.
5, 7, 13, 127
List the prime factors of 279468146.
2, 5323, 26251
What are the prime factors of 479318167?
41, 53, 220579
List the prime factors of 8093433.
3, 101, 26711
List the prime factors of 29098874.
2, 7, 43, 48337
List the prime factors of 457995755.
5, 7, 193, 67801
What are the prime factors of 1627787042?
2, 7, 116270503
What are the prime factors of 270753337?
270753337
List the prime factors of 82214751.
3, 27404917
What are the prime factors of 103052940?
2, 3, 5, 43, 59, 677
List the prime factors of 3806637472.
2, 11, 641, 16871
What are the prime factors of 7129594863?
3, 173, 367, 4159
List the prime factors of 240950015.
5, 293, 164471
What are the prime factors of 94588469?
1187, 79687
What are the prime factors of 5268665766?
2, 3, 7, 13, 9649571
What are the prime factors of 5721935?
5, 139, 8233
What are the prime factors of 6344087?
6344087
What are the prime factors of 1863682072?
2, 7, 89, 53419
List the prime fac